t**3 + 5*t**2 - 4*t + 2. What is l(4)?
2
Let t(b) = b + 5. What is t(0)?
5
Let h(g) = g**2 + 18*g. Give h(-18).
0
Let c(l) = -6*l + 89. Calculate c(23).
-49
Let h(a) = 2*a**2 - 53*a - 148. What is h(29)?
-3
Let h(a) = -a**3 - 6*a**2 - 9*a - 7. Give h(-4).
-3
Let b(y) = -4*y + 16. Determine b(14).
-40
Let f(c) = -2*c + 20. What is f(13)?
-6
Let s(o) = o**3 + 2*o**2 - 3*o - 1. Calculate s(4).
83
Let p(r) = r**3 + 23*r**2 + 5*r + 114. Calculate p(-23).
-1
Let d(g) = g**2 - 2*g. Give d(4).
8
Let f(r) = -r**3 - 17*r**2 - 17*r - 4. Calculate f(-16).
12
Let l(n) = -8*n - 1. Determine l(7).
-57
Let c(p) = -2*p**2 + 16*p + 19. Give c(9).
1
Let i(m) = -2*m**3 + 3*m**2 + 4*m - 1. Determine i(3).
-16
Let x(g) = g**3 + 5*g**2 - 2*g + 8. Give x(-6).
-16
Let q(c) = c**2 - 6*c + 1. Give q(6).
1
Let j(z) = z**3 + z**2 + 2. Give j(0).
2
Let o(u) = 3*u - 1. Calculate o(-1).
-4
Let b(n) = -82*n - 2. Give b(1).
-84
Let l(v) = -v**2 + 51*v - 187. What is l(47)?
1
Let v(c) = 2*c - 7. Calculate v(11).
15
Let q(a) = 7*a**2 + 6*a - 6. Calculate q(3).
75
Let n(p) = p**3 + 4*p**2 + 2*p - 5. Determine n(-2).
-1
Let s(c) = -26*c + 30. Calculate s(4).
-74
Let t(j) = -4*j**2 + j - 1. Determine t(4).
-61
Let f(z) = 5*z - 2. Give f(-3).
-17
Let g(h) = -2*h**2 + h + 6. Determine g(5).
-39
Let t(s) = s + 5. What is t(-15)?
-10
Let t(n) = -n**3 + 5*n**2 + 23*n - 8. Determine t(-3).
-5
Let k(o) = -2*o**2 + 4*o - 2. What is k(3)?
-8
Let v(o) = 9*o - 45. What is v(5)?
0
Let b(o) = -2*o**2 + 55*o + 180. What is b(-3)?
-3
Let f(d) = d**3 + 10*d**2 - d - 13. What is f(-10)?
-3
Let m(g) = -g**3 + 11*g**2 + 11*g + 10. Determine m(12).
-2
Let l(n) = -n + 15. Calculate l(23).
-8
Let z(y) = -2*y**2 + 17*y - 13. Determine z(8).
-5
Let t(d) = 11*d + 92. Give t(-8).
4
Let r(g) = -g**3 + 6*g**2 + 14*g + 11. Calculate r(8).
-5
Let v(t) = -t**3 + 8*t**2 - 6. Give v(4).
58
Let w(h) = 127*h + 377. Calculate w(-3).
-4
Let t(r) = 4*r - 7. Calculate t(5).
13
Let f(d) = -23*d - 463. What is f(-20)?
-3
Let b(l) = l**3 + 6*l**2 + 10. Give b(-6).
10
Let q(v) = -v**3 + 20*v**2 + 23*v + 17. Give q(21).
59
Let i(j) = -j - 2. Determine i(-3).
1
Let y(n) = -4*n**2 + 53*n - 8. Calculate y(13).
5
Let p(f) = f**3 + 4*f**2 - 13*f - 3. Calculate p(-6).
3
Let a(f) = 2*f + 8. What is a(-11)?
-14
Let d(v) = 3*v - 20. Give d(4).
-8
Let p(i) = i**3 - 4*i**2 - 2*i + 2. Calculate p(-2).
-18
Let v(o) = -3*o**2 + 14*o - 53. What is v(8)?
-133
Let f(x) = -x**3 - x**2 - x + 5. Give f(3).
-34
Let h(p) = -3*p - 2. Give h(8).
-26
Let u(a) = 2*a**2 + 24*a - 52. Determine u(-14).
4
Let q(o) = 3*o**2 + 7*o - 16. Calculate q(3).
32
Let n(m) = -6*m + 21. Determine n(4).
-3
Let d(q) = -q**3 + 12*q**2 + 4*q + 43. Give d(13).
-74
Let n(j) = 2*j**3 - 5*j**2 + j + 7. Give n(4).
59
Let u(i) = -i**3 + 8*i**2 - 52. Give u(7).
-3
Let p(y) = -90*y**2 - 6*y - 4. What is p(-1)?
-88
Let v(s) = -2*s**2 - 19*s - 7. Determine v(-10).
-17
Let y(q) = -q - 3. What is y(-4)?
1
Let i(w) = 5*w**2 - w - 2. What is i(2)?
16
Let m(t) = 2*t**3 + 32*t**2 + t + 20. What is m(-16)?
4
Let r(a) = -2*a + 1. What is r(-7)?
15
Let w(k) = 9*k**2 + k - 1. What is w(1)?
9
Let o(m) = 2*m**2 - 10*m + 4. Give o(6).
16
Let v(y) = -4*y**2 - 5*y - 4. Determine v(-1).
-3
Let x(m) = -m**2 + 21*m - 21. Calculate x(21).
-21
Let i(v) = v**3 - 4*v**2 + 5*v - 6. What is i(3)?
0
Let n(l) = -l**2 - 3*l + 6. Calculate n(0).
6
Let y(m) = m**3 - 15*m**2 + 15*m - 17. Determine y(14).
-3
Let b(z) = -z**3 - 27*z**2 + 48*z - 292. Calculate b(-29).
-2
Let w(j) = j**2 + j - 39. Determine w(0).
-39
Let w(q) = q + 11. Give w(-8).
3
Let y(c) = -4*c**3 + 7*c**2 + 4*c - 13. What is y(2)?
-9
Let i(n) = -5*n**2 - 4*n + 5. What is i(2)?
-23
Let v(q) = -q - 7. Determine v(6).
-13
Let h(d) = -d + 29. What is h(19)?
10
Let t(l) = l**2 + 7*l - 13. Determine t(-7).
-13
Let t(z) = z**2 - 10*z + 23. Give t(7).
2
Let f(r) = 6*r - 4. Calculate f(8).
44
Let f(v) = -2*v**2 - 3*v + 36. Give f(4).
-8
Let m(l) = l - 29. Determine m(26).
-3
Let u(v) = -4*v - 19. Calculate u(11).
-63
Let b(p) = -2*p**3 + 41*p**2 + 24*p - 71. Give b(21).
-8
Let u(h) = -73*h + 665. Give u(9).
8
Let l(m) = -m**2 + 20*m - 26. Calculate l(20).
-26
Let u(k) = -k**3 + 21*k**2 - 20*k + 6. Give u(20).
6
Let a(s) = -2*s**3 - 16*s**2 - 4*s - 16. Calculate a(-8).
16
Let m(x) = x**2 + 3*x + 1. Give m(3).
19
Let h(u) = 21*u - 14. What is h(2)?
28
Let x(v) = 12*v - 1. Give x(-1).
-13
Let h(w) = 2*w**3 + 3*w**2 - 4*w - 3. Calculate h(-3).
-18
Let u(j) = -3*j + 3. Give u(-6).
21
Let b(w) = -w**2 + w + 22. Determine b(0).
22
Let l(c) = -c + 12. Determine l(15).
-3
Let o(h) = 4*h**3 - 75*h**2 - 21*h + 41. Determine o(19).
3
Let g(z) = z**3 - 3*z**2 - 8*z + 10. Give g(4).
-6
Let m(d) = 2*d + 36. Calculate m(0).
36
Let u(l) = l**3 - 6*l**2 - 17*l + 4. Determine u(8).
-4
Let t(h) = h**3 + 13*h**2 - 33*h - 36. Give t(-15).
9
Let w(g) = -g**3 + 5*g**2 + 4*g. Give w(6).
-12
Let s(d) = -d - 11. What is s(-1)?
-10
Let t(u) = 2*u**3 + 2*u - 2. What is t(1)?
2
Let a(o) = -2*o**2 + 14*o - 35. What is a(6)?
-23
Let v(t) = -2*t**3 + 11*t**2 - 12*t + 12. What is v(7)?
-219
Let j(m) = m**3 - 12*m**2 + m - 21. What is j(12)?
-9
Let k(z) = -3*z**2 - 48*z + 26. Determine k(-19).
-145
Let i(s) = s**2 - 13*s - 2. What is i(13)?
-2
Let q(z) = 5*z + 9. Calculate q(-3).
-6
Let b(t) = t**2 - 4*t - 1. Determine b(4).
-1
Let h(d) = -2*d - 10. Calculate h(-8).
6
Let q(g) = 3*g**3 - 2*g**2 - 3*g + 2. Determine q(1).
0
Let p(s) = s - 39. What is p(0)?
-39
Let o(s) = s**3 + 3*s**2 + 2*s - 1. Give o(-3).
-7
Let p(h) = -h**3 + 8*h**2 - 8*h - 8. What is p(7)?
-15
Let l(i) = -33*i**2 - 3*i + 2. Give l(1).
-34
Let i(t) = -3*t + 4. Give i(-3).
13
Let b(m) = m**3 + 2*m**2 + 5*m + 5. Give b(-2).
-5
Let u(n) = -8*n**2 - n + 5. Give u(-3).
-64
Let g(c) = -c**2 - 3*c + 9. Give g(4).
-19
Let p(s) = 2*s**3 + 26*s**2 - s - 6. Determine p(-13).
7
Let j(r) = r**3 + 23*r**2 + 45*r + 25. Give j(-21).
-38
Let v(i) = -6*i - 12. Calculate v(-2).
0
Let w(h) = 2*h**3 + 13*h**2 + 12*h + 20. Determine w(-6).
-16
Let d(a) = -7*a - 47. Calculate d(-10).
23
Let b(f) = f**3 - 15*f**2 - 18*f + 35. Calculate b(16).
3
Let k(a) = -a**3 + 6*a**2 + 2*a + 3. Give k(6).
15
Let p(h) = -h**2 + 8*h + 6. Give p(7).
13
Let a(k) = -k**3 - 6*k**2 + 8*k - 3. Determine a(-7).
-10
Let c(d) = -3*d + 90. Calculate c(29).
3
Let r(h) = h**3 + 20*h**2 + 18*h - 38. Calculate r(-19).
-19
Let i(m) = -2*m + 12. Determine i(7).
-2
Let p(n) = -3*n - 2. Give p(0).
-2
Let u(k) = k**3 - 1. Give u(-3).
-28
Let p(x) = -2*x**2 - 27*x - 1. Give p(-13).
12
Let y(q) = q + 8. Calculate y(-7).
1
Let x(t) = -t**2 + 17*t - 37. Calculate x(15).
-7
Let i(k) = 3*k**2 - 25*k - 7. Calculate i(9).
11
Let q(r) = 10*r**2 - 2*r - 1. Give q(-1).
11
Let j(u) = -u + 4. Calculate j(10).
-6
Let p(r) = -12*r - 35. What is p(-5)?
25
Let r(j) = 19*j + 23. Give r(0).
23
Let g(m) = -m**3 - 3*m**2 + 2*m + 2. What is g(-2)?
-6
Let k(b) = -2*b**3 + 2*b**2 + b. Give k(-1).
3
Let m(o) = 5*o + 30. Give m(4).
50
Let x(k) = 8*k**2 - 5*k - 1. Determine x(-2).
41
Let i(t) = t**3 - 5*t**2 - 7*t + 13. What is i(6)?
7
Let f(l) = -8*l**3 + 3*l**2 - 2*l. What is f(1)?
-7
Let g(r) = -29*r - 10. Give g(-1).
19
Let w(m) = m**2 + 6*m - 34. Give w(-10).
6
Let p(l) = l**3 + 13*l**2 - l - 16. Give p(-13).
-3
Let n(z) = z**2 + 65*z - 440. Calculate n(6).
-14
Let a(t) = -3*t - 1. What is a(-2)?
5
Let d(o) = o**2 - 21*o + 61. Determine d(19).
23
Let j(v) = v**3 - 24*v**2 + v - 31. What is j(24)?
-7
Let a(b) = -b**3 - b**2 - 18. Give a(0).
-18
Let j(n) = -2*n + 24. Give j(10).
4
Let n(l) = -2*l**3 + 3*l**2 + l. Give n(-3).
78
Let r(p) = -p**3 - 16*p**2 - 17*p - 30. Give r(-15).
0
Let w(s) = s**2 + 7*s + 1. Calculate w(-5).
-9
Let s(y) = -y**2 + 16*y - 12. Calculate s(6).
48
Let a(r) = r**2 - r + 1. Give a(-3).
13
Let b(q) = 42*q + 1. What is b(-1)?
-41
Let f(j) = 26*j + 176. What is f(-7)?
-6
Let b(f) = f**3 + 2*f**2 - 4*f - 4. Calculate b(-2).
4
Let a(g) = -g - 5. Give a(13).
-18
Let f(o) = 2*o**2 - 14*o - 24. What is f(9)?
12
Let x(y) = 2*y - 6. What is x(6)?
6
Let m(c) = -2*c**3 - 22*c**2 - 19*c + 11. Give m(-10).
1
Let h(g) = -2*g**3 - g**2 - g + 12. Calculate h(-4).
128
Let x(y) = -4*y - 1. Determine x(4).
-17
Let a(c) = 32*c + 186. Give a(-7).
-38
Let l(v) = -v**2 - 24*v - 87. Calcula